{"id":622,"date":"2024-10-02T15:54:08","date_gmt":"2024-10-02T15:54:08","guid":{"rendered":"https:\/\/redclamor.cl\/?page_id=622"},"modified":"2024-11-13T14:11:17","modified_gmt":"2024-11-13T14:11:17","slug":"fundacion-somos-fre","status":"publish","type":"page","link":"https:\/\/redclamor.cl\/index.php\/fundacion-somos-fre\/","title":{"rendered":"Fundaci\u00f3n Somos Fr\u00e8"},"content":{"rendered":"<div class=\"wp-block-image\">\n<figure class=\"aligncenter size-full\"><img fetchpriority=\"high\" decoding=\"async\" width=\"225\" height=\"225\" src=\"https:\/\/redclamor.cl\/wp-content\/uploads\/2022\/12\/FRE-1.png\" alt=\"\" class=\"wp-image-62\" srcset=\"https:\/\/redclamor.cl\/wp-content\/uploads\/2022\/12\/FRE-1.png 225w, https:\/\/redclamor.cl\/wp-content\/uploads\/2022\/12\/FRE-1-150x150.png 150w\" sizes=\"(max-width: 225px) 100vw, 225px\" \/><\/figure>\n<\/div>\n\n\n<figure class=\"wp-block-embed is-type-video is-provider-youtube wp-block-embed-youtube wp-embed-aspect-16-9 wp-has-aspect-ratio\"><div class=\"wp-block-embed__wrapper\">\n<div class=\"nv-iframe-embed\"><iframe title=\"Presentaci\u00f3n Red CLAMOR Chile - Fundaci\u00f3n FR\u00c8\" width=\"1200\" height=\"675\" src=\"https:\/\/www.youtube.com\/embed\/uOQ2197uXkw?feature=oembed\" frameborder=\"0\" allow=\"accelerometer; autoplay; clipboard-write; encrypted-media; gyroscope; picture-in-picture; web-share\" referrerpolicy=\"strict-origin-when-cross-origin\" allowfullscreen><\/iframe><\/div>\n<\/div><\/figure>\n\n\n\n<p class=\"has-nv-light-bg-background-color has-background\">Fundaci\u00f3n Fr\u00e8 es un referente Cristiano\/Cat\u00f3lico de acogida para los inmigrantes en Chile, acogiendo, dignificando y acompa\u00f1ando su proceso de inclusi\u00f3n social y emprendimiento para el desarrollo de sus proyectos de vida. Sus \u00e1reas de servicios se basan en: Asesor\u00eda legal, Alimentos, Asistencia social, Salud, Salud mental, Vivienda y mantenci\u00f3n, y por \u00faltimo Clases de espa\u00f1ol. Con el fin de respetar los derechos fundamentales.<\/p>\n\n\n\n<p>Servicios:<\/p>\n\n\n<div class=\"wp-block-image\">\n<figure class=\"alignleft size-large is-resized\"><img decoding=\"async\" width=\"1024\" height=\"1024\" src=\"https:\/\/redclamor.cl\/wp-content\/uploads\/2024\/11\/8-3-1024x1024.png\" alt=\"\" class=\"wp-image-757\" style=\"width:149px;height:auto\" srcset=\"https:\/\/redclamor.cl\/wp-content\/uploads\/2024\/11\/8-3-1024x1024.png 1024w, https:\/\/redclamor.cl\/wp-content\/uploads\/2024\/11\/8-3-300x300.png 300w, https:\/\/redclamor.cl\/wp-content\/uploads\/2024\/11\/8-3-150x150.png 150w, https:\/\/redclamor.cl\/wp-content\/uploads\/2024\/11\/8-3-768x768.png 768w, https:\/\/redclamor.cl\/wp-content\/uploads\/2024\/11\/8-3.png 1080w\" sizes=\"(max-width: 1024px) 100vw, 1024px\" \/><\/figure>\n<\/div>\n\n<div class=\"wp-block-image\">\n<figure class=\"alignleft size-large is-resized\"><img decoding=\"async\" width=\"1024\" height=\"1024\" src=\"https:\/\/redclamor.cl\/wp-content\/uploads\/2024\/11\/12-1-1024x1024.png\" alt=\"\" class=\"wp-image-758\" style=\"width:146px;height:auto\" srcset=\"https:\/\/redclamor.cl\/wp-content\/uploads\/2024\/11\/12-1-1024x1024.png 1024w, https:\/\/redclamor.cl\/wp-content\/uploads\/2024\/11\/12-1-300x300.png 300w, https:\/\/redclamor.cl\/wp-content\/uploads\/2024\/11\/12-1-150x150.png 150w, https:\/\/redclamor.cl\/wp-content\/uploads\/2024\/11\/12-1-768x768.png 768w, https:\/\/redclamor.cl\/wp-content\/uploads\/2024\/11\/12-1.png 1080w\" sizes=\"(max-width: 1024px) 100vw, 1024px\" \/><\/figure>\n<\/div>\n\n<div class=\"wp-block-image\">\n<figure class=\"alignleft size-large is-resized\"><img loading=\"lazy\" decoding=\"async\" width=\"1024\" height=\"1024\" src=\"https:\/\/redclamor.cl\/wp-content\/uploads\/2024\/11\/9-1024x1024.png\" alt=\"\" class=\"wp-image-760\" style=\"width:145px;height:auto\" srcset=\"https:\/\/redclamor.cl\/wp-content\/uploads\/2024\/11\/9-1024x1024.png 1024w, https:\/\/redclamor.cl\/wp-content\/uploads\/2024\/11\/9-300x300.png 300w, https:\/\/redclamor.cl\/wp-content\/uploads\/2024\/11\/9-150x150.png 150w, https:\/\/redclamor.cl\/wp-content\/uploads\/2024\/11\/9-768x768.png 768w, https:\/\/redclamor.cl\/wp-content\/uploads\/2024\/11\/9.png 1080w\" sizes=\"(max-width: 1024px) 100vw, 1024px\" \/><\/figure>\n<\/div>\n\n\n<p><\/p>\n\n\n\n<p><\/p>\n\n\n\n<p><\/p>\n\n\n\n<div class=\"wp-block-buttons alignfull is-content-justification-center is-layout-flex wp-container-core-buttons-is-layout-16018d1d wp-block-buttons-is-layout-flex\">\n<div class=\"wp-block-button\"><a class=\"wp-block-button__link wp-element-button\" href=\"http:\/\/www.somosfre.cl\">Sitio Web<\/a><\/div>\n\n\n\n<div class=\"wp-block-button\"><a class=\"wp-block-button__link wp-element-button\" href=\"https:\/\/www.facebook.com\/SomosFre\/#:~:text=Fundaci%C3%B3n%20FR%C3%88,%20Santiago,%20Chile.%204,911\">Facebook<\/a><\/div>\n\n\n\n<div class=\"wp-block-button\"><a class=\"wp-block-button__link wp-element-button\" href=\"https:\/\/www.instagram.com\/somosfre\/\">Instagram<\/a><\/div>\n\n\n\n<div class=\"wp-block-button\"><a class=\"wp-block-button__link wp-element-button\" href=\"hola@somosfre.cl\">Correo<\/a><\/div>\n<\/div>\n\n\n\n<p><\/p>\n\n\n\n<p><\/p>\n\n\n\n<p><\/p>\n\n\n\n<p><\/p>\n\n\n\n<p><\/p>\n\n\n\n<p><\/p>\n\n\n\n<p><\/p>\n\n\n\n<p><\/p>\n\n\n\n<p><\/p>\n","protected":false},"excerpt":{"rendered":"<p>Fundaci\u00f3n Fr\u00e8 es un referente Cristiano\/Cat\u00f3lico de acogida para los inmigrantes en Chile, acogiendo, dignificando y acompa\u00f1ando su proceso de inclusi\u00f3n social y emprendimiento para el desarrollo de sus proyectos de vida. Sus \u00e1reas de servicios se basan en: Asesor\u00eda legal, Alimentos, Asistencia social, Salud, Salud mental, Vivienda y mantenci\u00f3n, y por \u00faltimo Clases de&hellip;&nbsp;<a href=\"https:\/\/redclamor.cl\/index.php\/fundacion-somos-fre\/\" rel=\"bookmark\">Leer m\u00e1s &raquo;<span class=\"screen-reader-text\">Fundaci\u00f3n Somos Fr\u00e8<\/span><\/a><\/p>\n","protected":false},"author":2,"featured_media":0,"parent":0,"menu_order":0,"comment_status":"closed","ping_status":"closed","template":"","meta":{"neve_meta_sidebar":"","neve_meta_container":"","neve_meta_enable_content_width":"","neve_meta_content_width":0,"neve_meta_title_alignment":"","neve_meta_author_avatar":"","neve_post_elements_order":"","neve_meta_disable_header":"","neve_meta_disable_footer":"","neve_meta_disable_title":"","footnotes":""},"class_list":["post-622","page","type-page","status-publish","hentry"],"_links":{"self":[{"href":"https:\/\/redclamor.cl\/index.php\/wp-json\/wp\/v2\/pages\/622","targetHints":{"allow":["GET"]}}],"collection":[{"href":"https:\/\/redclamor.cl\/index.php\/wp-json\/wp\/v2\/pages"}],"about":[{"href":"https:\/\/redclamor.cl\/index.php\/wp-json\/wp\/v2\/types\/page"}],"author":[{"embeddable":true,"href":"https:\/\/redclamor.cl\/index.php\/wp-json\/wp\/v2\/users\/2"}],"replies":[{"embeddable":true,"href":"https:\/\/redclamor.cl\/index.php\/wp-json\/wp\/v2\/comments?post=622"}],"version-history":[{"count":2,"href":"https:\/\/redclamor.cl\/index.php\/wp-json\/wp\/v2\/pages\/622\/revisions"}],"predecessor-version":[{"id":761,"href":"https:\/\/redclamor.cl\/index.php\/wp-json\/wp\/v2\/pages\/622\/revisions\/761"}],"wp:attachment":[{"href":"https:\/\/redclamor.cl\/index.php\/wp-json\/wp\/v2\/media?parent=622"}],"curies":[{"name":"wp","href":"https:\/\/api.w.org\/{rel}","templated":true}]}}